 v(-2).
-13
Let u(l) = -3*l - 59. What is u(-18)?
-5
Let u(g) = -g**2 + g + 3. Determine u(0).
3
Let s(k) = -k**3 + 4*k**2 + 3*k - 3. What is s(4)?
9
Let r(l) = 2*l**2 - 12*l + 3. Calculate r(7).
17
Let n(b) = b - 46. Calculate n(28).
-18
Let r(k) = -9*k - 15. What is r(5)?
-60
Let u(s) = s**3 - 3*s**2 + s. Determine u(3).
3
Let a(m) = m**3 + 13*m**2 + 37*m - 19. Give a(-5).
-4
Let z(u) = -5*u - 33. Calculate z(-7).
2
Let f(z) = -z**3 + z**2 - 5. Determine f(0).
-5
Let x(o) = -3*o**2 - 7*o - 2. What is x(-6)?
-68
Let m(z) = -z - 27. Determine m(-20).
-7
Let p(g) = -g**3 + 12*g**2 - 6*g - 22. What is p(10)?
118
Let g(m) = 2*m**2 - 13*m - 3. Determine g(8).
21
Let i(a) = 2*a**2 + 5*a + 8. Calculate i(-3).
11
Let l(o) = -o**3 + o - 2. Calculate l(3).
-26
Let a(j) = 6*j - 24. What is a(3)?
-6
Let t(w) = -w**2 - 11*w + 124. What is t(-18)?
-2
Let p(i) = 3*i**2 + 5*i + 4. Give p(-3).
16
Let n(b) = -10*b + 387. What is n(41)?
-23
Let g(j) = j**3 + 7*j**2 + 8*j - 4. What is g(-6)?
-16
Let r(g) = -g**3 - 5*g**2 - 5*g - 10. Calculate r(-6).
56
Let j(s) = -s**2 + 9*s - 7. Determine j(9).
-7
Let l(t) = -2*t**3 - 2*t**2 + 2*t + 5. Calculate l(-2).
9
Let f(u) = u - 9. Give f(2).
-7
Let r(p) = p**2 - 13*p + 52. Calculate r(9).
16
Let w(a) = -2*a**2 + 2*a. Determine w(0).
0
Let q(n) = 4*n**3 + 5*n**2 + 4*n. Give q(-2).
-20
Let q(k) = k**3 - 9*k**2 - 8*k - 6. Calculate q(10).
14
Let s(g) = -g**3 + 7*g**2 - 9. Give s(7).
-9
Let a(o) = -o**3 - 18*o**2 + 18*o - 16. Give a(-19).
3
Let w(r) = -r - 26. Determine w(-11).
-15
Let s(x) = x + 10. Give s(-7).
3
Let p(v) = v**2 - 3*v + 3. Give p(1).
1
Let l(a) = a**2 - 19*a + 11. Give l(18).
-7
Let u(i) = 15*i. What is u(4)?
60
Let g(v) = v**3 - 7*v - 5. Give g(-2).
1
Let q(y) = 12*y - 30. Give q(3).
6
Let n(b) = -b**3 + 17*b - 59. What is n(4)?
-55
Let s(w) = 17*w**2 + w. What is s(-1)?
16
Let i(h) = -3*h + 16. Give i(-12).
52
Let u(h) = -h**2 + 6*h - 8. Calculate u(7).
-15
Let x(y) = -y**2 - 11*y + 31. What is x(-14)?
-11
Let j(c) = -10*c**2 + 9*c - 5. Give j(2).
-27
Let b(a) = -3*a**2 - 30*a - 6. What is b(-10)?
-6
Let u(w) = -12*w**3 + w**2 + w - 1. Calculate u(1).
-11
Let i(y) = 15*y + 90. Calculate i(-6).
0
Let d(n) = n**2 + 9*n - 50. Give d(5).
20
Let s(t) = 2*t**3 - 4*t**2 + 3*t - 10. Determine s(4).
66
Let k(m) = -m**2 - 21*m + 267. Give k(9).
-3
Let x(n) = 3*n**2 + 34*n - 7. Give x(-11).
-18
Let z(l) = -l**3 - 3*l**2 - 5*l - 7. Give z(-3).
8
Let p(l) = l**2 + 10*l - 85. Determine p(-15).
-10
Let f(w) = -w**2 - 5*w + 13. What is f(-8)?
-11
Let r(h) = 15*h - 255. Give r(17).
0
Let m(n) = -2*n**2 - 6*n + 6. Determine m(1).
-2
Let p(q) = -q**3 - 10*q**2 - 10*q - 21. Calculate p(-8).
-69
Let n(v) = v**3 - 6*v**2 - v + 11. Determine n(6).
5
Let b(f) = 2*f**2 - 15*f + 3. Give b(6).
-15
Let j(x) = 6*x + 24. What is j(-3)?
6
Let n(c) = c**3 + c**2 + c + 2. What is n(0)?
2
Let w(o) = 2*o - 21. What is w(14)?
7
Let c(i) = -i**3 - 17*i**2 + i + 10. What is c(-17)?
-7
Let t(y) = 36*y**3 - 2*y + 1. Calculate t(1).
35
Let c(x) = 2*x - 85. Determine c(30).
-25
Let j(a) = -a**3 + 3*a**2 + 11*a - 14. Determine j(4).
14
Let q(k) = k**3 - 11*k**2 + 27*k + 11. Determine q(6).
-7
Let j(r) = r**3 - 4*r**2 - 10*r. Calculate j(6).
12
Let w(u) = u**2 + u. Calculate w(-1).
0
Let k(j) = -j**2 - 62*j + 2174. Determine k(-87).
-1
Let q(p) = -9*p**2 + 2*p + 1. What is q(-2)?
-39
Let i(q) = q**2 + 6*q - 19. Give i(-9).
8
Let c(b) = 129*b - 2. Calculate c(0).
-2
Let g(x) = 2*x**2 - 10*x - 8. Determine g(-1).
4
Let m(x) = -x**3 + 7*x**2 + 2*x + 6. What is m(7)?
20
Let k(u) = u**2 - 19*u + 66. What is k(13)?
-12
Let f(v) = v**3 + 10*v**2 + 4*v + 34. Give f(-10).
-6
Let b(f) = 3*f**2 - 13*f + 3. Calculate b(5).
13
Let x(j) = 10*j - 49. Determine x(9).
41
Let u(c) = -c**3 + 10*c**2 - 13*c + 18. Give u(9).
-18
Let f(l) = -9*l - 52. Determine f(0).
-52
Let b(s) = s**2 - 7*s - 5. Determine b(7).
-5
Let m(p) = 6*p - 1. Give m(3).
17
Let h(w) = 29*w - 4. Determine h(1).
25
Let c(u) = -u**2 - 4*u + 12. Calculate c(-7).
-9
Let i(j) = -j**3 - 4*j**2 + 5*j + 6. What is i(-5)?
6
Let o(v) = 30*v - 9. What is o(0)?
-9
Let j(s) = -s**2 - 8*s + 2. Calculate j(-9).
-7
Let n(o) = 44*o + 38. Calculate n(-1).
-6
Let v(r) = -7*r + 18. Determine v(9).
-45
Let t(a) = -14*a**3 - 2*a**2 + 3*a - 2. What is t(1)?
-15
Let x(r) = 16*r + 4. Calculate x(-5).
-76
Let h(d) = -d**3 - 4*d**2 - 4*d - 5. What is h(-3)?
-2
Let t(b) = -2*b**3 + 68*b**2 + 26. Give t(34).
26
Let h(j) = j**3 - 19*j**2 + 14*j + 1. Determine h(18).
-71
Let g(d) = 19*d - 63. Determine g(5).
32
Let i(k) = k**3 - 11*k**2 - 12*k + 11. Calculate i(12).
11
Let j(y) = -5*y - 2. Give j(-1).
3
Let y(o) = 2*o**3 + o**2 + 3*o - 3. What is y(2)?
23
Let d(q) = -q**2 + 14*q - 14. Calculate d(9).
31
Let p(f) = f**3 + 13*f**2 + 25*f + 44. Determine p(-11).
11
Let i(m) = -m**3 - 16*m**2 + 18*m - 9. Give i(-17).
-26
Let z(v) = v**2 + 11*v + 1. Determine z(-13).
27
Let n(y) = -4*y**2 + 2*y - 2. Determine n(2).
-14
Let v(w) = -w**3 + w**2 + w + 14. Calculate v(0).
14
Let k(i) = -2*i**2 - 11*i - 10. What is k(-5)?
-5
Let g(s) = s**2 + 2*s - 29. Calculate g(4).
-5
Let l(s) = -2*s - 57. What is l(-15)?
-27
Let y(c) = -c**3 - 5*c**2 - 8*c - 26. Determine y(-5).
14
Let j(h) = -2*h - 31. Determine j(-18).
5
Let f(x) = -x**2 - 11*x. Calculate f(-11).
0
Let g(l) = 2*l**3 - 13*l**2 - 11*l + 22. What is g(7)?
-6
Let h(j) = j**3 + 4*j**2 + 4*j + 8. Give h(-4).
-8
Let a(v) = -52*v + 782. Give a(15).
2
Let w(d) = 10*d**2 - 2*d + 1. Calculate w(1).
9
Let n(q) = 2*q + 9. Give n(-10).
-11
Let i(u) = -u**3 - 8*u**2 - 9*u + 1. What is i(-7)?
15
Let v(t) = -3*t**3 + 2*t**2 + 2*t. Give v(2).
-12
Let l(w) = -2*w**3 + 16*w**2 + 43*w - 35. Calculate l(10).
-5
Let y(r) = -r + 4. Determine y(11).
-7
Let i(v) = -v**3 + 5*v**2 - 2*v + 2. Determine i(2).
10
Let i(q) = -42*q - 2. What is i(-1)?
40
Let l(m) = m**2 - 7*m + 8. Give l(7).
8
Let z(v) = -v**3 - 12*v**2 + 22*v + 125. Give z(-13).
8
Let b(s) = 14*s + 77. Calculate b(-5).
7
Let g(j) = -8*j - 57. What is g(-5)?
-17
Let k(x) = x**3 - x**2 - 12*x + 2. Determine k(6).
110
Let x(g) = g**3 - 9*g**2 + 4*g - 11. Calculate x(6).
-95
Let g(z) = z**2 + 6*z + 2. Give g(-4).
-6
Let t(q) = q**3 - 4*q**2 - 18*q + 29. Determine t(6).
-7
Let k(a) = a**3 - 7*a**2 + a - 1. Determine k(7).
6
Let l(y) = -y + 5. What is l(-6)?
11
Let w(k) = 2*k**2 - 33*k - 59. Determine w(18).
-5
Let o(m) = m**2 - 9*m - 2. Calculate o(10).
8
Let z(o) = -3*o**3 + 3*o**2 + 3*o - 3. Give z(3).
-48
Let d(r) = -44*r**2 - 2*r - 2. What is d(-1)?
-44
Let p(f) = -13*f + 3. Give p(1).
-10
Let d(a) = -9*a + 1. Determine d(2).
-17
Let q(t) = 5*t**3 - 2*t**2 - t. Calculate q(2).
30
Let d(r) = r - 6. What is d(19)?
13
Let y(f) = -33*f. Give y(-1).
33
Let t(k) = 26*k - 125. Determine t(5).
5
Let p(u) = u**2 - 146. Give p(12).
-2
Let t(z) = -9*z - 33. Determine t(-8).
39
Let b(m) = -m**3 + 8*m**2 - 6*m - 2. Determine b(7).
5
Let i(d) = 3*d**2 - d - 3. Calculate i(2).
7
Let q(h) = -h**3 - 19*h**2 - 2*h - 43. Calculate q(-19).
-5
Let h(d) = -d**2 - 51*d - 8. Calculate h(0).
-8
Let b(m) = m**2 - 14*m + 4. Calculate b(11).
-29
Let i(a) = -a**3 - 30*a**2 + 140*a + 128. Give i(-34).
-8
Let t(a) = a**3 - 15*a**2 + 20*a + 9. Determine t(14).
93
Let p(q) = -q**3 + 5*q**2 - 6*q + 2. Calculate p(4).
-6
Let w(l) = 2*l - 31. What is w(-7)?
-45
Let x(r) = r**3 + 7*r**2 + 8*r + 29. What is x(-7)?
-27
Let y(s) = -7*s + 59. Give y(9).
-4
Let k(a) = 3*a**2 - 12*a + 8. What is k(4)?
8
Let d(u) = -33*u - 110. Give d(-3).
-11
Let s(w) = -9*w**2 + 18*w - 1. Determine s(1).
8
Let z(w) = 15*w**2 - 13*w + 1. What is z(3)?
97
Let f(r) = 46*r - 2. Calculate f(0).
-2
Let r(m) = 2*m**2 + 66*m + 46. Determine r(-33).
46
Let s(x) = -x - 40. Determine s(0).
-40
Let z(p) = 2*p + 3. What is z(5)?
13
Let v(i) = i**2 - 4*i - 13. Determine v(8).
19
Let f(g) = g**2 + 10*g + 10. What is f(-10)?
10
Let z(c) = 2*c**3 + 6*c**2 + 2*c + 7. Determine z(-4).
-33
Let x(g) = g**3 + 7*g**2 - g - 8. Give x(-7).
-1
Let w(b) = -4*b**3 + 13*b**2 + 12*b + 7. Calculate w(4).
7
Let b(r) = -r**2 + 19. Determine b(-5).
-6
Let v(i) = 17*i + 29. Give v(-2).
-5
Let j(c) = 3*c**2 + 8*c + 15. What is j(-2)?
11
Let c(u) = -5*u - 1. What is c(-4)?
19
Let a(y) = 11*y - 113. Calculate a(11).
8
Let m(w) = 7*w**